Suppose r*q = 1101 + 693. What are the prime factors of q?
2, 3, 23
Let b(q) = -q**3 - 9*q**2 - 6*q + 12. Let k be b(-6). Let z = k + 96. List the prime factors of z.
2, 3
Suppose -3*m = m - 72. Let o(u) = -5*u - m + 21 - u. List the prime factors of o(-10).
3, 7
Let c(x) = -70*x + 91. What are the prime factors of c(-13)?
7, 11, 13
Let w = -29 + 24. Let k(p) = -2*p**3 - 12. List the prime factors of k(w).
2, 7, 17
Let m = -24 - -28. Let u be (-2)/(4/(-6)) + 63. Suppose -n + 2 = v - u, -m*v - n = -263. List the prime factors of v.
5, 13
Suppose 3*i - 1 = 5. Suppose 0 = -3*k + i*k. Let l = k - -19. What are the prime factors of l?
19
Suppose -2*h + 3*k + 3145 = 0, 0 = 59*k - 54*k + 25. List the prime factors of h.
5, 313
Suppose -3*u - 2*f + 31 = 3*f, -15 = -3*f. Suppose u*h = -0*h + 14. List the prime factors of h.
7
Let x(b) = -6*b**2 + 2*b. Let u be x(-2). Let h = u + 51. Suppose -3*t + h = -19. List the prime factors of t.
2, 7
Let r(h) = -h**3 - 22*h**2 + 13*h - 19. Let n be r(-22). Let c = -127 - n. List the prime factors of c.
2, 89
List the prime factors of 1098 - -11 - (-4 + -5).
2, 13, 43
List the prime factors of 247/((-95)/25 + 4).
5, 13, 19
Suppose -2*b - 17 = b - 5*o, 3*b + 3*o = -57. Let l(j) = j**3 + 17*j**2 + 35*j + 18. List the prime factors of l(b).
2, 29
List the prime factors of 66/(-121) + 3757/11 - 6.
5, 67
Suppose -3*r - r + 656 = 0. What are the prime factors of r?
2, 41
Let f(v) = -24*v - 4. Let c(u) = u**2 - 3*u - 2. Let r be c(4). Let g(x) = x - 1. Let w(p) = r*f(p) - 6*g(p). List the prime factors of w(-1).
2, 13
Suppose -o + z = -3*o - 8, -o = -z + 1. Let f be (2 - -6)/1 + o. Let h(p) = p**2 + 2*p - 5. What are the prime factors of h(f)?
2, 3, 5
Let z(a) = 669*a**3 - 5*a**2 + 4*a - 1. What are the prime factors of z(2)?
19, 281
Suppose -3*h - 826 = -5*d, 31*h = 4*d + 26*h - 653. What are the prime factors of d?
167
Let s = -154 + 413. List the prime factors of s.
7, 37
Suppose 69 - 17 = 4*x. Let v(b) = 2*b - 17. Let p be v(x). List the prime factors of (-2)/p - 346/(-18).
19
Let w(k) = k + 17. Let m be w(9). Let x = 153 - m. What are the prime factors of x?
127
Suppose -3*m + w + 14 = 0, w + 1 = -1. Suppose 3*c - 9 = -9. Suppose c = -n - m*n + 340. What are the prime factors of n?
2, 17
Suppose 3*c - 11 = 31. Suppose 9*n - c*n = -35. What are the prime factors of n?
7
Let l(f) = 47*f**2 + 29*f + 12. What are the prime factors of l(-3)?
2, 3, 29
Let j = -338 + 561. List the prime factors of j.
223
Let c(f) = 44*f**2 - 7*f - 7. Let m be c(-5). What are the prime factors of 68/(-119) + m/14?
2, 5
Suppose 5*i = -2*a - 871 + 3329, -4*a = 4*i - 4904. What are the prime factors of a?
2, 3, 17
Suppose -l + 46 = 4. Suppose -4*p + 9*p - 4*r = l, 3*p + 2*r = 12. Suppose -j - 130 = -p*j. What are the prime factors of j?
2, 13
Suppose 2*f + 12 = 4*f. Suppose 23 = i - r, 3*i + 75 = f*i + 3*r. List the prime factors of i.
2, 3
Let z(t) = t - 1. Let c(r) = 14*r - 18. Let j(x) = c(x) - 12*z(x). Let b be j(10). Let y = -5 + b. What are the prime factors of y?
3
Suppose 0 = 4*w - 5*s - 1193, -4*w + 3*s - 4*s + 1163 = 0. What are the prime factors of w?
2, 73
Suppose -4*y = -4*k - 1540, 2*k + 0*k = y - 390. What are the prime factors of y?
2, 5, 19
Let g(b) be the first derivative of b**4/4 - 4*b**3/3 + b**2/2 + 2*b - 1. Let x be (0 + -3)*(-4 + (-16)/(-6)). List the prime factors of g(x).
2, 3
Let n(i) = i**2 - 8*i - 2. Let m be 10 - (-1 - -1)*-1. Let t be n(m). List the prime factors of (11/3)/(6/t).
11
Suppose 0 = -9*u + 40 + 14. What are the prime factors of 74/(2/u + 12/18)?
2, 37
Let b be 1/(4 + -1 + (-25)/8). Let m(h) = h**2 - 3*h + 25. List the prime factors of m(b).
113
Suppose -27209 = -32*h + 17143. What are the prime factors of h?
2, 3, 7, 11
Suppose -4*h + 20 = -h - 4*z, -2*h - 2*z = 10. Suppose m - 9 = -h. Suppose -55 = -m*k + 4*k. What are the prime factors of k?
11
Let q(l) = 14*l + 4. Let k be q(-2). Let j = k - -71. List the prime factors of j.
47
Suppose -2*l = -3*l + 2. Suppose 4*m - l = -2*v, -m = -4*v - 0*m - 14. What are the prime factors of v/(-7) - (-1417)/91?
2
Suppose -20 = -4*o - 2*d, 2*o - d - d + 2 = 0. Let q = 1 - o. What are the prime factors of q/(-6)*-2*-18?
2, 3
Let h be -1 + 3 + 2*7. Let j(f) = f**2 - 7*f - 6. Let b be j(9). Let u = h - b. What are the prime factors of u?
2
Let r = -24 + 90. Suppose j = 4*c + r, c + 2*c - 2*j = -47. What are the prime factors of 729/17 + (-2)/c?
43
Let k = 61 + -12. Let s = k + -10. List the prime factors of s.
3, 13
List the prime factors of ((-283136)/(-24))/14 + (-1)/(-3).
3, 281
List the prime factors of -105*455/(-15) - -2.
3187
Let s = 2125 + -1559. What are the prime factors of s?
2, 283
Let f(d) = 3*d**2 - 130*d + 80. What are the prime factors of f(61)?
3313
Suppose -5*v + 1774 = -3*j, -346 = -v + 3*j + 2*j. Let n = v - 244. What are the prime factors of n?
2, 7
Suppose -x - q = -3*x + 3, -4*x + 4 = -4*q. Suppose -b = x*b - 6. Suppose b*m + g - 160 = -m, -5*g = m - 72. List the prime factors of m.
2, 13
Suppose -6*p = -4*p. Suppose 5*c + 10 = p, 410 = 6*l - 2*l - 5*c. List the prime factors of l.
2, 5
List the prime factors of (-2756)/(-3) - (-9 - 116/(-12)).
2, 3, 17
Let w(v) = -47*v + 32*v + 3*v**2 + 0*v**2 - 5 + 23*v. List the prime factors of w(-6).
5, 11
Let v be ((-5)/(-4))/(4/16). Suppose v*x - 224 = -4*i + x, 224 = 4*i + 2*x. List the prime factors of i.
2, 7
Let k = 4 + -4. Suppose k = 2*r + 2*v - 28, r - 56 = -3*r - v. Suppose 11 = a - r. List the prime factors of a.
5
Suppose 103 = 12*y - 7*y + i, -5*i = -3*y + 45. Let w(o) = o**3 - 20*o**2 + 10*o + 18. List the prime factors of w(y).
2, 109
Let h(p) = p**3 + 6*p**2 + 10*p + 7. Let y be h(-3). What are the prime factors of 29/2*y - 6/3?
2, 7
Let w be (-2)/8 + (-3446)/8. Let m be 1/6 - w/6. Suppose -5*s = -m - 38. List the prime factors of s.
2, 11
Suppose -4*v = -18*v + 10584. Suppose 25*q - v = 21*q. List the prime factors of q.
3, 7
Suppose -40*w + 38*w + 15468 = 4*u, 0 = -w + 2. List the prime factors of u.
2, 1933
Suppose 0*n - 449 = -m - 2*n, 2*n + 1846 = 4*m. What are the prime factors of m?
3, 17
Let i = -121 + 140. Suppose i*c - 608 = 15*c. What are the prime factors of c?
2, 19
List the prime factors of 2 - (-2 + 8*1045/(-10)).
2, 3, 5, 7
Let q(h) = -7*h - 5. Let n be q(-2). Suppose -5*a = -n*a + 452. List the prime factors of a.
113
Let u(t) = -t**3 + 11*t**2 + 12*t + 6. Let h be u(12). Suppose -5*k + h = -3*k. Suppose -y + 31 = k*f + 3*y, 17 = 5*f - 2*y. What are the prime factors of f?
5
Let i be (27/18)/(0 - (-9)/5280). Suppose 0 = -f - 2*q + 215, f - i = -3*f + 2*q. List the prime factors of f.
3, 73
Let v(u) be the third derivative of u**8/840 - u**6/720 + u**5/60 + 2*u**2. Let d(h) be the third derivative of v(h). What are the prime factors of d(1)?
23
Let r = 624 + -253. Suppose 7*b = r + 35. What are the prime factors of b?
2, 29
Let c(a) = a - 13. Let q be c(-17). List the prime factors of q/9*(-114)/4.
5, 19
Suppose 0 = 3*a - c - c - 123, 164 = 4*a + 2*c. Let v = -84 + a. Let z = v - -85. What are the prime factors of z?
2, 3, 7
Suppose 40 = -156*k + 151*k. What are the prime factors of (-12)/k + (-486)/(-4)?
3, 41
Suppose 0 = 2*o - 12 - 136. Let r be 510/(-21) + 18/63 + 3. Let s = r + o. List the prime factors of s.
53
Suppose 535 = 5*g - 1030. Let f = g + -141. List the prime factors of f.
2, 43
Let y = 4 + -11. List the prime factors of (-19)/y - 8/(-28).
3
Suppose -850 = -2*i + 484. Suppose -5*s - 7 = -i. What are the prime factors of s?
2, 3, 11
What are the prime factors of 2*(-1437)/(-12)*(-2 + 6)?
2, 479
Suppose -4*h + 1300 = 2*c, 4*h + 0*h = -5*c + 1312. List the prime factors of h.
17, 19
Let v = 99 - 109. List the prime factors of 14*((-65)/v - 1).
7, 11
Suppose -15*k = 12*k - 10449. What are the prime factors of k?
3, 43
Suppose 4*p + 2 = 3*b - 1, -p = b + 6. Let v(o) = -o**3 - 5*o**2 - 3*o - 3. Let r be v(p). What are the prime factors of (51/(-9))/(4/r)?
17
Suppose 2*z - 32 = -4*x, -4*z + 3*x + 18 = -2*z. Suppose 3 + z = 5*t. Suppose -t*v = -4*v + 14. List the prime factors of v.
2, 7
Suppose -5*z - 89 = -r - 9*z, 2*z = -4*r + 300. What are the prime factors of r?
73
Suppose -3 = 15*b - 16*b. What are the prime factors of b/((-9)/6) - -33?
31
Let s = 3526 - 2